{"id":2,"date":"2025-04-12T13:32:09","date_gmt":"2025-04-12T11:32:09","guid":{"rendered":"http:\/\/cywilni-ucs.pl\/?page_id=2"},"modified":"2025-05-11T17:06:08","modified_gmt":"2025-05-11T15:06:08","slug":"przykladowa-strona","status":"publish","type":"page","link":"https:\/\/cywilni-ucs.pl\/?page_id=2","title":{"rendered":"Zapraszamy do kontaktu"},"content":{"rendered":"\n<p><strong>Og\u00f3lnopolski Zwi\u0105zek Zawodowy <br>Pracownik\u00f3w Cywilnych Urz\u0119d\u00f3w Celno-Skarbowych<br>Krajowej Administracji Skarbowej<\/strong><br>ul. Stacyjna 10<br>53-613 Wroc\u0142aw<br><br>S\u0105d Rejonowy dla Wroc\u0142awia-Fabrycznej we Wroc\u0142awiu<br>VI Wydzia\u0142 Gospodarczy Krajowego Rejestru S\u0105dowego<br>KRS 0001143950 NIP 8971946681 REGON 540406385<\/p>\n\n\n\n<p>sekretariat@cywilni-ucs.pl <br><br><strong>Zarz\u0105d Zwi\u0105zku<\/strong><br>zarzad@cywilni-ucs.pl<\/p>\n\n\n\n<p><strong>Komisja Rewizyjna Zwi\u0105zku<\/strong><br>komisjarewizyjna@cywilni-ucs.pl<\/p>\n\n\n\n<p><strong>Kontakt dla medi\u00f3w:<\/strong> media@cywilni-ucs.pl<\/p>\n\n\n\n<p><strong>Kontakt dla Pa\u0144stwowej Inspekcji Pracy:<\/strong> interwencje@cywilni-ucs.pl<\/p>\n\n\n\n<p><strong>Punkt kontaktowy z Inspektorem Ochrony Danych:<\/strong> iod@cywilni-ucs.pl<\/p>\n","protected":false},"excerpt":{"rendered":"<p>Og\u00f3lnopolski Zwi\u0105zek Zawodowy Pracownik\u00f3w Cywilnych Urz\u0119d\u00f3w Celno-SkarbowychKrajowej Administracji Skarbowejul. Stacyjna 1053-613 Wroc\u0142aw S\u0105d [&hellip;]<\/p>\n","protected":false},"author":1,"featured_media":0,"parent":0,"menu_order":0,"comment_status":"closed","ping_status":"open","template":"","meta":{"footnotes":""},"class_list":["post-2","page","type-page","status-publish","hentry"],"yoast_head":"<!-- This site is optimized with the Yoast SEO plugin v24.8.1 - https:\/\/yoast.com\/wordpress\/plugins\/seo\/ -->\n<title>Zapraszamy do kontaktu - OZZ Cywilni UCS<\/title>\n<meta name=\"robots\" content=\"index, follow, max-snippet:-1, max-image-preview:large, max-video-preview:-1\" \/>\n<link rel=\"canonical\" href=\"https:\/\/cywilni-ucs.pl\/?page_id=2\" \/>\n<meta property=\"og:locale\" content=\"pl_PL\" \/>\n<meta property=\"og:type\" content=\"article\" \/>\n<meta property=\"og:title\" content=\"Zapraszamy do kontaktu - OZZ Cywilni UCS\" \/>\n<meta property=\"og:description\" content=\"Og\u00f3lnopolski Zwi\u0105zek Zawodowy Pracownik\u00f3w Cywilnych Urz\u0119d\u00f3w Celno-SkarbowychKrajowej Administracji Skarbowejul. Stacyjna 1053-613 Wroc\u0142aw S\u0105d [&hellip;]\" \/>\n<meta property=\"og:url\" content=\"https:\/\/cywilni-ucs.pl\/?page_id=2\" \/>\n<meta property=\"og:site_name\" content=\"OZZ Cywilni UCS\" \/>\n<meta property=\"article:modified_time\" content=\"2025-05-11T15:06:08+00:00\" \/>\n<meta name=\"twitter:card\" content=\"summary_large_image\" \/>\n<meta name=\"twitter:label1\" content=\"Szacowany czas czytania\" \/>\n\t<meta name=\"twitter:data1\" content=\"1 minuta\" \/>\n<script type=\"application\/ld+json\" class=\"yoast-schema-graph\">{\"@context\":\"https:\/\/schema.org\",\"@graph\":[{\"@type\":\"WebPage\",\"@id\":\"https:\/\/cywilni-ucs.pl\/?page_id=2\",\"url\":\"https:\/\/cywilni-ucs.pl\/?page_id=2\",\"name\":\"Zapraszamy do kontaktu - OZZ Cywilni UCS\",\"isPartOf\":{\"@id\":\"https:\/\/cywilni-ucs.pl\/#website\"},\"datePublished\":\"2025-04-12T11:32:09+00:00\",\"dateModified\":\"2025-05-11T15:06:08+00:00\",\"breadcrumb\":{\"@id\":\"https:\/\/cywilni-ucs.pl\/?page_id=2#breadcrumb\"},\"inLanguage\":\"pl-PL\",\"potentialAction\":[{\"@type\":\"ReadAction\",\"target\":[\"https:\/\/cywilni-ucs.pl\/?page_id=2\"]}]},{\"@type\":\"BreadcrumbList\",\"@id\":\"https:\/\/cywilni-ucs.pl\/?page_id=2#breadcrumb\",\"itemListElement\":[{\"@type\":\"ListItem\",\"position\":1,\"name\":\"Home\",\"item\":\"https:\/\/cywilni-ucs.pl\/\"},{\"@type\":\"ListItem\",\"position\":2,\"name\":\"Zapraszamy do kontaktu\"}]},{\"@type\":\"WebSite\",\"@id\":\"https:\/\/cywilni-ucs.pl\/#website\",\"url\":\"https:\/\/cywilni-ucs.pl\/\",\"name\":\"OZZ Cywilni UCS\",\"description\":\"Tw\u00f3j Zwi\u0105zek Zawodowy\",\"potentialAction\":[{\"@type\":\"SearchAction\",\"target\":{\"@type\":\"EntryPoint\",\"urlTemplate\":\"https:\/\/cywilni-ucs.pl\/?s={search_term_string}\"},\"query-input\":{\"@type\":\"PropertyValueSpecification\",\"valueRequired\":true,\"valueName\":\"search_term_string\"}}],\"inLanguage\":\"pl-PL\"}]}<\/script>\n<!-- \/ Yoast SEO plugin. -->","yoast_head_json":{"title":"Zapraszamy do kontaktu - OZZ Cywilni UCS","robots":{"index":"index","follow":"follow","max-snippet":"max-snippet:-1","max-image-preview":"max-image-preview:large","max-video-preview":"max-video-preview:-1"},"canonical":"https:\/\/cywilni-ucs.pl\/?page_id=2","og_locale":"pl_PL","og_type":"article","og_title":"Zapraszamy do kontaktu - OZZ Cywilni UCS","og_description":"Og\u00f3lnopolski Zwi\u0105zek Zawodowy Pracownik\u00f3w Cywilnych Urz\u0119d\u00f3w Celno-SkarbowychKrajowej Administracji Skarbowejul. Stacyjna 1053-613 Wroc\u0142aw S\u0105d [&hellip;]","og_url":"https:\/\/cywilni-ucs.pl\/?page_id=2","og_site_name":"OZZ Cywilni UCS","article_modified_time":"2025-05-11T15:06:08+00:00","twitter_card":"summary_large_image","twitter_misc":{"Szacowany czas czytania":"1 minuta"},"schema":{"@context":"https:\/\/schema.org","@graph":[{"@type":"WebPage","@id":"https:\/\/cywilni-ucs.pl\/?page_id=2","url":"https:\/\/cywilni-ucs.pl\/?page_id=2","name":"Zapraszamy do kontaktu - OZZ Cywilni UCS","isPartOf":{"@id":"https:\/\/cywilni-ucs.pl\/#website"},"datePublished":"2025-04-12T11:32:09+00:00","dateModified":"2025-05-11T15:06:08+00:00","breadcrumb":{"@id":"https:\/\/cywilni-ucs.pl\/?page_id=2#breadcrumb"},"inLanguage":"pl-PL","potentialAction":[{"@type":"ReadAction","target":["https:\/\/cywilni-ucs.pl\/?page_id=2"]}]},{"@type":"BreadcrumbList","@id":"https:\/\/cywilni-ucs.pl\/?page_id=2#breadcrumb","itemListElement":[{"@type":"ListItem","position":1,"name":"Home","item":"https:\/\/cywilni-ucs.pl\/"},{"@type":"ListItem","position":2,"name":"Zapraszamy do kontaktu"}]},{"@type":"WebSite","@id":"https:\/\/cywilni-ucs.pl\/#website","url":"https:\/\/cywilni-ucs.pl\/","name":"OZZ Cywilni UCS","description":"Tw\u00f3j Zwi\u0105zek Zawodowy","potentialAction":[{"@type":"SearchAction","target":{"@type":"EntryPoint","urlTemplate":"https:\/\/cywilni-ucs.pl\/?s={search_term_string}"},"query-input":{"@type":"PropertyValueSpecification","valueRequired":true,"valueName":"search_term_string"}}],"inLanguage":"pl-PL"}]}},"_links":{"self":[{"href":"https:\/\/cywilni-ucs.pl\/index.php?rest_route=\/wp\/v2\/pages\/2","targetHints":{"allow":["GET"]}}],"collection":[{"href":"https:\/\/cywilni-ucs.pl\/index.php?rest_route=\/wp\/v2\/pages"}],"about":[{"href":"https:\/\/cywilni-ucs.pl\/index.php?rest_route=\/wp\/v2\/types\/page"}],"author":[{"embeddable":true,"href":"https:\/\/cywilni-ucs.pl\/index.php?rest_route=\/wp\/v2\/users\/1"}],"replies":[{"embeddable":true,"href":"https:\/\/cywilni-ucs.pl\/index.php?rest_route=%2Fwp%2Fv2%2Fcomments&post=2"}],"version-history":[{"count":6,"href":"https:\/\/cywilni-ucs.pl\/index.php?rest_route=\/wp\/v2\/pages\/2\/revisions"}],"predecessor-version":[{"id":214,"href":"https:\/\/cywilni-ucs.pl\/index.php?rest_route=\/wp\/v2\/pages\/2\/revisions\/214"}],"wp:attachment":[{"href":"https:\/\/cywilni-ucs.pl\/index.php?rest_route=%2Fwp%2Fv2%2Fmedia&parent=2"}],"curies":[{"name":"wp","href":"https:\/\/api.w.org\/{rel}","templated":true}]}}