{"id":97,"date":"2025-04-12T14:24:28","date_gmt":"2025-04-12T12:24:28","guid":{"rendered":"https:\/\/cywilni-ucs.pl\/?page_id=97"},"modified":"2025-05-12T13:02:45","modified_gmt":"2025-05-12T11:02:45","slug":"dolacz","status":"publish","type":"page","link":"https:\/\/cywilni-ucs.pl\/?page_id=97","title":{"rendered":"DO\u0141\u0104CZ"},"content":{"rendered":"\n<p class=\"has-medium-font-size\"><strong>Jeste\u015b pracownikiem Urz\u0119du Celno-Skarbowego?<\/strong> Chcesz polepszenia warunk\u00f3w p\u0142acy i pracy Twoich oraz koleg\u00f3w i kole\u017canek? Masz do\u015b\u0107 dyskryminacji cywilnych pracownik\u00f3w Urz\u0119d\u00f3w Celno-Skarbowych wzgl\u0119dem funkcjonariuszy S\u0142u\u017cby Celno-Skarbowej? <strong>Czas aby\u015b do\u0142\u0105czy\u0142 do OZZ Cywilni UCS &#8211; Twojego zwi\u0105zku zawodowego!<\/strong><\/p>\n\n\n\n<hr class=\"wp-block-separator has-alpha-channel-opacity\"\/>\n\n\n\n<p class=\"has-large-font-size\"><strong>Jak do\u0142\u0105czy\u0107 do Zwi\u0105zku?<\/strong><\/p>\n\n\n\n<ol class=\"wp-block-list\">\n<li class=\"has-medium-font-size\">Pobierz, wype\u0142ni\u0142 i podpisz <a href=\"http:\/\/cywilni-ucs.pl\/?page_id=116\">deklaracj\u0119 cz\u0142onkowsk\u0105<\/a><\/li>\n\n\n\n<li class=\"has-medium-font-size\">Skan deklaracji prze\u015blij na adres sekretariat@cywilni-ucs.pl a orygina\u0142 na adres OZZ Cwyilni UCS ul. Stacyjna 10, 53-613 Wroc\u0142aw<\/li>\n\n\n\n<li class=\"has-medium-font-size\">Zarz\u0105d Krajowy podejmie uchwa\u0142\u0119 w przedmiocie przyj\u0119cia Ci\u0119 w poczet cz\u0142onk\u00f3w Zwi\u0105zku <\/li>\n\n\n\n<li class=\"has-medium-font-size\">Otrzymasz powiadomienie o przyj\u0119ciu w poczet cz\u0142onk\u00f3w Zwi\u0105zku na wskazany w deklaracji cz\u0142onkowskiej adres e-mail.<\/li>\n<\/ol>\n\n\n\n<hr class=\"wp-block-separator has-alpha-channel-opacity\"\/>\n\n\n\n<p class=\"has-large-font-size\"><strong>Najcz\u0119\u015bciej zadawane pytania<\/strong><\/p>\n\n\n\n<div class=\"schema-faq wp-block-yoast-faq-block\"><div class=\"schema-faq-section\" id=\"faq-question-1745768534699\"><strong class=\"schema-faq-question\">Ile wynosi sk\u0142adka cz\u0142onkowska?<\/strong> <p class=\"schema-faq-answer\">Sk\u0142adka cz\u0142onkowska wynosi zaledwie 15 z\u0142otych miesi\u0119cznie.<\/p> <\/div> <div class=\"schema-faq-section\" id=\"faq-question-1745768566379\"><strong class=\"schema-faq-question\">Czy pracodawca mo\u017ce wyci\u0105gn\u0105\u0107 wobec mnie konsekwencje za do\u0142\u0105czenie do zwi\u0105zku?<\/strong> <p class=\"schema-faq-answer\">Absolutnie nie. Wolno\u015b\u0107 tworzenia i dzia\u0142ania zwi\u0105zk\u00f3w zawodowych wynika wprost z Konstytucji RP, dodatkowo Kodeks pracy zabrania dyskryminacji pracownik\u00f3w mi\u0119dzy innymi ze wzgl\u0119du na przynale\u017cno\u015b\u0107 zwi\u0105zkow\u0105 a naruszenie tego zakazu dyskryminacji stanowi przest\u0119pstwo \u015bcigane z ustawy o zwi\u0105zkach zawodowych. <\/p> <\/div> <div class=\"schema-faq-section\" id=\"faq-question-1745768940632\"><strong class=\"schema-faq-question\">Nie chc\u0119, \u017ceby pracodawca pobiera\u0142 sk\u0142adk\u0119 z mojego wynagrodzenia. Czy mog\u0119 samodzielnie op\u0142aca\u0107 sk\u0142adk\u0119?<\/strong> <p class=\"schema-faq-answer\">Tak. Wystarczy, \u017ce w deklaracji cz\u0142onkowskiej wska\u017cesz odpowiedni\u0105 opcj\u0119 w zakresie op\u0142acania sk\u0142adek. Je\u015bli zdecydujesz si\u0119 na samodzielne op\u0142acanie sk\u0142adek, musisz wp\u0142aca\u0107 je bezpo\u015brednio na rachunek bankowy Zwi\u0105zku.<\/p> <\/div> <div class=\"schema-faq-section\" id=\"faq-question-1745769038739\"><strong class=\"schema-faq-question\">Czy m\u00f3j kierownik dowie si\u0119, \u017ce jestem cz\u0142onkiem Zwi\u0105zku?<\/strong> <p class=\"schema-faq-answer\">Nie. Informacja o przynale\u017cno\u015bci do zwi\u0105zku zawodowego nie jest udost\u0119pniania bezpo\u015bredniemu prze\u0142o\u017conemu.<\/p> <\/div> <div class=\"schema-faq-section\" id=\"faq-question-1745769094254\"><strong class=\"schema-faq-question\">Jestem mianowanym urz\u0119dnikiem S\u0142u\u017cby Cywilnej. Czy mog\u0119 do\u0142\u0105czy\u0107 do Zwi\u0105zku?<\/strong> <p class=\"schema-faq-answer\">Tak. Urz\u0119dnik S\u0142u\u017cby Cywilnej ma prawo uczestnictwa w zwi\u0105zkach zawodowych.<\/p> <\/div> <div class=\"schema-faq-section\" id=\"faq-question-1745769174931\"><strong class=\"schema-faq-question\">Czy Zwi\u0105zek mo\u017ce reprezentowa\u0107 mnie wobec pracodawcy?<\/strong> <p class=\"schema-faq-answer\">Tak. W razie wyst\u0105pienia konfliktu z pracodawc\u0105, na\u0142o\u017cenia kary porz\u0105dkowej, wszcz\u0119cia post\u0119powania dyscyplinarnego, rozwi\u0105zania umowy o prac\u0119 lub wszelkich przejaw\u00f3w naruszenia praw pracownika, Zwi\u0105zek ma prawo wyst\u0119powa\u0107 w Twoim imieniu do pracodawcy i chroni\u0107 Twoje interesy. <\/p> <\/div> <div class=\"schema-faq-section\" id=\"faq-question-1747047711193\"><strong class=\"schema-faq-question\">Czy mog\u0119 nale\u017ce\u0107 do dw\u00f3ch zwi\u0105zk\u00f3w zawodowych?<\/strong> <p class=\"schema-faq-answer\">Tak. Mo\u017cesz nale\u017ce\u0107 do dowolnej liczby zwi\u0105zk\u00f3w zawodowych. <\/p> <\/div> <\/div>\n\n\n\n<p><\/p>\n","protected":false},"excerpt":{"rendered":"<p>Jeste\u015b pracownikiem Urz\u0119du Celno-Skarbowego? Chcesz polepszenia warunk\u00f3w p\u0142acy i pracy Twoich oraz koleg\u00f3w [&hellip;]<\/p>\n","protected":false},"author":1,"featured_media":0,"parent":0,"menu_order":0,"comment_status":"closed","ping_status":"closed","template":"","meta":{"footnotes":""},"class_list":["post-97","page","type-page","status-publish","hentry"],"yoast_head":"<!-- This site is optimized with the Yoast SEO plugin v24.8.1 - https:\/\/yoast.com\/wordpress\/plugins\/seo\/ -->\n<title>DO\u0141\u0104CZ - OZZ Cywilni UCS<\/title>\n<meta name=\"robots\" content=\"index, follow, max-snippet:-1, max-image-preview:large, max-video-preview:-1\" \/>\n<link rel=\"canonical\" href=\"https:\/\/cywilni-ucs.pl\/?page_id=97\" \/>\n<meta property=\"og:locale\" content=\"pl_PL\" \/>\n<meta property=\"og:type\" content=\"article\" \/>\n<meta property=\"og:title\" content=\"DO\u0141\u0104CZ - OZZ Cywilni UCS\" \/>\n<meta property=\"og:description\" content=\"Jeste\u015b pracownikiem Urz\u0119du Celno-Skarbowego? Chcesz polepszenia warunk\u00f3w p\u0142acy i pracy Twoich oraz koleg\u00f3w [&hellip;]\" \/>\n<meta property=\"og:url\" content=\"https:\/\/cywilni-ucs.pl\/?page_id=97\" \/>\n<meta property=\"og:site_name\" content=\"OZZ Cywilni UCS\" \/>\n<meta property=\"article:modified_time\" content=\"2025-05-12T11:02:45+00:00\" \/>\n<meta name=\"twitter:card\" content=\"summary_large_image\" \/>\n<meta name=\"twitter:label1\" content=\"Szacowany czas czytania\" \/>\n\t<meta name=\"twitter:data1\" content=\"2 minuty\" \/>\n<script type=\"application\/ld+json\" class=\"yoast-schema-graph\">{\"@context\":\"https:\/\/schema.org\",\"@graph\":[{\"@type\":[\"WebPage\",\"FAQPage\"],\"@id\":\"https:\/\/cywilni-ucs.pl\/?page_id=97\",\"url\":\"https:\/\/cywilni-ucs.pl\/?page_id=97\",\"name\":\"DO\u0141\u0104CZ - OZZ Cywilni UCS\",\"isPartOf\":{\"@id\":\"https:\/\/cywilni-ucs.pl\/#website\"},\"datePublished\":\"2025-04-12T12:24:28+00:00\",\"dateModified\":\"2025-05-12T11:02:45+00:00\",\"breadcrumb\":{\"@id\":\"https:\/\/cywilni-ucs.pl\/?page_id=97#breadcrumb\"},\"mainEntity\":[{\"@id\":\"https:\/\/cywilni-ucs.pl\/?page_id=97#faq-question-1745768534699\"},{\"@id\":\"https:\/\/cywilni-ucs.pl\/?page_id=97#faq-question-1745768566379\"},{\"@id\":\"https:\/\/cywilni-ucs.pl\/?page_id=97#faq-question-1745768940632\"},{\"@id\":\"https:\/\/cywilni-ucs.pl\/?page_id=97#faq-question-1745769038739\"},{\"@id\":\"https:\/\/cywilni-ucs.pl\/?page_id=97#faq-question-1745769094254\"},{\"@id\":\"https:\/\/cywilni-ucs.pl\/?page_id=97#faq-question-1745769174931\"},{\"@id\":\"https:\/\/cywilni-ucs.pl\/?page_id=97#faq-question-1747047711193\"}],\"inLanguage\":\"pl-PL\",\"potentialAction\":[{\"@type\":\"ReadAction\",\"target\":[\"https:\/\/cywilni-ucs.pl\/?page_id=97\"]}]},{\"@type\":\"BreadcrumbList\",\"@id\":\"https:\/\/cywilni-ucs.pl\/?page_id=97#breadcrumb\",\"itemListElement\":[{\"@type\":\"ListItem\",\"position\":1,\"name\":\"Home\",\"item\":\"https:\/\/cywilni-ucs.pl\/\"},{\"@type\":\"ListItem\",\"position\":2,\"name\":\"DO\u0141\u0104CZ\"}]},{\"@type\":\"WebSite\",\"@id\":\"https:\/\/cywilni-ucs.pl\/#website\",\"url\":\"https:\/\/cywilni-ucs.pl\/\",\"name\":\"OZZ Cywilni UCS\",\"description\":\"Tw\u00f3j Zwi\u0105zek Zawodowy\",\"potentialAction\":[{\"@type\":\"SearchAction\",\"target\":{\"@type\":\"EntryPoint\",\"urlTemplate\":\"https:\/\/cywilni-ucs.pl\/?s={search_term_string}\"},\"query-input\":{\"@type\":\"PropertyValueSpecification\",\"valueRequired\":true,\"valueName\":\"search_term_string\"}}],\"inLanguage\":\"pl-PL\"},{\"@type\":\"Question\",\"@id\":\"https:\/\/cywilni-ucs.pl\/?page_id=97#faq-question-1745768534699\",\"position\":1,\"url\":\"https:\/\/cywilni-ucs.pl\/?page_id=97#faq-question-1745768534699\",\"name\":\"Ile wynosi sk\u0142adka cz\u0142onkowska?\",\"answerCount\":1,\"acceptedAnswer\":{\"@type\":\"Answer\",\"text\":\"Sk\u0142adka cz\u0142onkowska wynosi zaledwie 15 z\u0142otych miesi\u0119cznie.\",\"inLanguage\":\"pl-PL\"},\"inLanguage\":\"pl-PL\"},{\"@type\":\"Question\",\"@id\":\"https:\/\/cywilni-ucs.pl\/?page_id=97#faq-question-1745768566379\",\"position\":2,\"url\":\"https:\/\/cywilni-ucs.pl\/?page_id=97#faq-question-1745768566379\",\"name\":\"Czy pracodawca mo\u017ce wyci\u0105gn\u0105\u0107 wobec mnie konsekwencje za do\u0142\u0105czenie do zwi\u0105zku?\",\"answerCount\":1,\"acceptedAnswer\":{\"@type\":\"Answer\",\"text\":\"Absolutnie nie. Wolno\u015b\u0107 tworzenia i dzia\u0142ania zwi\u0105zk\u00f3w zawodowych wynika wprost z Konstytucji RP, dodatkowo Kodeks pracy zabrania dyskryminacji pracownik\u00f3w mi\u0119dzy innymi ze wzgl\u0119du na przynale\u017cno\u015b\u0107 zwi\u0105zkow\u0105 a naruszenie tego zakazu dyskryminacji stanowi przest\u0119pstwo \u015bcigane z ustawy o zwi\u0105zkach zawodowych. \",\"inLanguage\":\"pl-PL\"},\"inLanguage\":\"pl-PL\"},{\"@type\":\"Question\",\"@id\":\"https:\/\/cywilni-ucs.pl\/?page_id=97#faq-question-1745768940632\",\"position\":3,\"url\":\"https:\/\/cywilni-ucs.pl\/?page_id=97#faq-question-1745768940632\",\"name\":\"Nie chc\u0119, \u017ceby pracodawca pobiera\u0142 sk\u0142adk\u0119 z mojego wynagrodzenia. Czy mog\u0119 samodzielnie op\u0142aca\u0107 sk\u0142adk\u0119?\",\"answerCount\":1,\"acceptedAnswer\":{\"@type\":\"Answer\",\"text\":\"Tak. Wystarczy, \u017ce w deklaracji cz\u0142onkowskiej wska\u017cesz odpowiedni\u0105 opcj\u0119 w zakresie op\u0142acania sk\u0142adek. Je\u015bli zdecydujesz si\u0119 na samodzielne op\u0142acanie sk\u0142adek, musisz wp\u0142aca\u0107 je bezpo\u015brednio na rachunek bankowy Zwi\u0105zku.\",\"inLanguage\":\"pl-PL\"},\"inLanguage\":\"pl-PL\"},{\"@type\":\"Question\",\"@id\":\"https:\/\/cywilni-ucs.pl\/?page_id=97#faq-question-1745769038739\",\"position\":4,\"url\":\"https:\/\/cywilni-ucs.pl\/?page_id=97#faq-question-1745769038739\",\"name\":\"Czy m\u00f3j kierownik dowie si\u0119, \u017ce jestem cz\u0142onkiem Zwi\u0105zku?\",\"answerCount\":1,\"acceptedAnswer\":{\"@type\":\"Answer\",\"text\":\"Nie. Informacja o przynale\u017cno\u015bci do zwi\u0105zku zawodowego nie jest udost\u0119pniania bezpo\u015bredniemu prze\u0142o\u017conemu.\",\"inLanguage\":\"pl-PL\"},\"inLanguage\":\"pl-PL\"},{\"@type\":\"Question\",\"@id\":\"https:\/\/cywilni-ucs.pl\/?page_id=97#faq-question-1745769094254\",\"position\":5,\"url\":\"https:\/\/cywilni-ucs.pl\/?page_id=97#faq-question-1745769094254\",\"name\":\"Jestem mianowanym urz\u0119dnikiem S\u0142u\u017cby Cywilnej. Czy mog\u0119 do\u0142\u0105czy\u0107 do Zwi\u0105zku?\",\"answerCount\":1,\"acceptedAnswer\":{\"@type\":\"Answer\",\"text\":\"Tak. Urz\u0119dnik S\u0142u\u017cby Cywilnej ma prawo uczestnictwa w zwi\u0105zkach zawodowych.\",\"inLanguage\":\"pl-PL\"},\"inLanguage\":\"pl-PL\"},{\"@type\":\"Question\",\"@id\":\"https:\/\/cywilni-ucs.pl\/?page_id=97#faq-question-1745769174931\",\"position\":6,\"url\":\"https:\/\/cywilni-ucs.pl\/?page_id=97#faq-question-1745769174931\",\"name\":\"Czy Zwi\u0105zek mo\u017ce reprezentowa\u0107 mnie wobec pracodawcy?\",\"answerCount\":1,\"acceptedAnswer\":{\"@type\":\"Answer\",\"text\":\"Tak. W razie wyst\u0105pienia konfliktu z pracodawc\u0105, na\u0142o\u017cenia kary porz\u0105dkowej, wszcz\u0119cia post\u0119powania dyscyplinarnego, rozwi\u0105zania umowy o prac\u0119 lub wszelkich przejaw\u00f3w naruszenia praw pracownika, Zwi\u0105zek ma prawo wyst\u0119powa\u0107 w Twoim imieniu do pracodawcy i chroni\u0107 Twoje interesy. \",\"inLanguage\":\"pl-PL\"},\"inLanguage\":\"pl-PL\"},{\"@type\":\"Question\",\"@id\":\"https:\/\/cywilni-ucs.pl\/?page_id=97#faq-question-1747047711193\",\"position\":7,\"url\":\"https:\/\/cywilni-ucs.pl\/?page_id=97#faq-question-1747047711193\",\"name\":\"Czy mog\u0119 nale\u017ce\u0107 do dw\u00f3ch zwi\u0105zk\u00f3w zawodowych?\",\"answerCount\":1,\"acceptedAnswer\":{\"@type\":\"Answer\",\"text\":\"Tak. Mo\u017cesz nale\u017ce\u0107 do dowolnej liczby zwi\u0105zk\u00f3w zawodowych. \",\"inLanguage\":\"pl-PL\"},\"inLanguage\":\"pl-PL\"}]}<\/script>\n<!-- \/ Yoast SEO plugin. -->","yoast_head_json":{"title":"DO\u0141\u0104CZ - OZZ Cywilni UCS","robots":{"index":"index","follow":"follow","max-snippet":"max-snippet:-1","max-image-preview":"max-image-preview:large","max-video-preview":"max-video-preview:-1"},"canonical":"https:\/\/cywilni-ucs.pl\/?page_id=97","og_locale":"pl_PL","og_type":"article","og_title":"DO\u0141\u0104CZ - OZZ Cywilni UCS","og_description":"Jeste\u015b pracownikiem Urz\u0119du Celno-Skarbowego? Chcesz polepszenia warunk\u00f3w p\u0142acy i pracy Twoich oraz koleg\u00f3w [&hellip;]","og_url":"https:\/\/cywilni-ucs.pl\/?page_id=97","og_site_name":"OZZ Cywilni UCS","article_modified_time":"2025-05-12T11:02:45+00:00","twitter_card":"summary_large_image","twitter_misc":{"Szacowany czas czytania":"2 minuty"},"schema":{"@context":"https:\/\/schema.org","@graph":[{"@type":["WebPage","FAQPage"],"@id":"https:\/\/cywilni-ucs.pl\/?page_id=97","url":"https:\/\/cywilni-ucs.pl\/?page_id=97","name":"DO\u0141\u0104CZ - OZZ Cywilni UCS","isPartOf":{"@id":"https:\/\/cywilni-ucs.pl\/#website"},"datePublished":"2025-04-12T12:24:28+00:00","dateModified":"2025-05-12T11:02:45+00:00","breadcrumb":{"@id":"https:\/\/cywilni-ucs.pl\/?page_id=97#breadcrumb"},"mainEntity":[{"@id":"https:\/\/cywilni-ucs.pl\/?page_id=97#faq-question-1745768534699"},{"@id":"https:\/\/cywilni-ucs.pl\/?page_id=97#faq-question-1745768566379"},{"@id":"https:\/\/cywilni-ucs.pl\/?page_id=97#faq-question-1745768940632"},{"@id":"https:\/\/cywilni-ucs.pl\/?page_id=97#faq-question-1745769038739"},{"@id":"https:\/\/cywilni-ucs.pl\/?page_id=97#faq-question-1745769094254"},{"@id":"https:\/\/cywilni-ucs.pl\/?page_id=97#faq-question-1745769174931"},{"@id":"https:\/\/cywilni-ucs.pl\/?page_id=97#faq-question-1747047711193"}],"inLanguage":"pl-PL","potentialAction":[{"@type":"ReadAction","target":["https:\/\/cywilni-ucs.pl\/?page_id=97"]}]},{"@type":"BreadcrumbList","@id":"https:\/\/cywilni-ucs.pl\/?page_id=97#breadcrumb","itemListElement":[{"@type":"ListItem","position":1,"name":"Home","item":"https:\/\/cywilni-ucs.pl\/"},{"@type":"ListItem","position":2,"name":"DO\u0141\u0104CZ"}]},{"@type":"WebSite","@id":"https:\/\/cywilni-ucs.pl\/#website","url":"https:\/\/cywilni-ucs.pl\/","name":"OZZ Cywilni UCS","description":"Tw\u00f3j Zwi\u0105zek Zawodowy","potentialAction":[{"@type":"SearchAction","target":{"@type":"EntryPoint","urlTemplate":"https:\/\/cywilni-ucs.pl\/?s={search_term_string}"},"query-input":{"@type":"PropertyValueSpecification","valueRequired":true,"valueName":"search_term_string"}}],"inLanguage":"pl-PL"},{"@type":"Question","@id":"https:\/\/cywilni-ucs.pl\/?page_id=97#faq-question-1745768534699","position":1,"url":"https:\/\/cywilni-ucs.pl\/?page_id=97#faq-question-1745768534699","name":"Ile wynosi sk\u0142adka cz\u0142onkowska?","answerCount":1,"acceptedAnswer":{"@type":"Answer","text":"Sk\u0142adka cz\u0142onkowska wynosi zaledwie 15 z\u0142otych miesi\u0119cznie.","inLanguage":"pl-PL"},"inLanguage":"pl-PL"},{"@type":"Question","@id":"https:\/\/cywilni-ucs.pl\/?page_id=97#faq-question-1745768566379","position":2,"url":"https:\/\/cywilni-ucs.pl\/?page_id=97#faq-question-1745768566379","name":"Czy pracodawca mo\u017ce wyci\u0105gn\u0105\u0107 wobec mnie konsekwencje za do\u0142\u0105czenie do zwi\u0105zku?","answerCount":1,"acceptedAnswer":{"@type":"Answer","text":"Absolutnie nie. Wolno\u015b\u0107 tworzenia i dzia\u0142ania zwi\u0105zk\u00f3w zawodowych wynika wprost z Konstytucji RP, dodatkowo Kodeks pracy zabrania dyskryminacji pracownik\u00f3w mi\u0119dzy innymi ze wzgl\u0119du na przynale\u017cno\u015b\u0107 zwi\u0105zkow\u0105 a naruszenie tego zakazu dyskryminacji stanowi przest\u0119pstwo \u015bcigane z ustawy o zwi\u0105zkach zawodowych. ","inLanguage":"pl-PL"},"inLanguage":"pl-PL"},{"@type":"Question","@id":"https:\/\/cywilni-ucs.pl\/?page_id=97#faq-question-1745768940632","position":3,"url":"https:\/\/cywilni-ucs.pl\/?page_id=97#faq-question-1745768940632","name":"Nie chc\u0119, \u017ceby pracodawca pobiera\u0142 sk\u0142adk\u0119 z mojego wynagrodzenia. Czy mog\u0119 samodzielnie op\u0142aca\u0107 sk\u0142adk\u0119?","answerCount":1,"acceptedAnswer":{"@type":"Answer","text":"Tak. Wystarczy, \u017ce w deklaracji cz\u0142onkowskiej wska\u017cesz odpowiedni\u0105 opcj\u0119 w zakresie op\u0142acania sk\u0142adek. Je\u015bli zdecydujesz si\u0119 na samodzielne op\u0142acanie sk\u0142adek, musisz wp\u0142aca\u0107 je bezpo\u015brednio na rachunek bankowy Zwi\u0105zku.","inLanguage":"pl-PL"},"inLanguage":"pl-PL"},{"@type":"Question","@id":"https:\/\/cywilni-ucs.pl\/?page_id=97#faq-question-1745769038739","position":4,"url":"https:\/\/cywilni-ucs.pl\/?page_id=97#faq-question-1745769038739","name":"Czy m\u00f3j kierownik dowie si\u0119, \u017ce jestem cz\u0142onkiem Zwi\u0105zku?","answerCount":1,"acceptedAnswer":{"@type":"Answer","text":"Nie. Informacja o przynale\u017cno\u015bci do zwi\u0105zku zawodowego nie jest udost\u0119pniania bezpo\u015bredniemu prze\u0142o\u017conemu.","inLanguage":"pl-PL"},"inLanguage":"pl-PL"},{"@type":"Question","@id":"https:\/\/cywilni-ucs.pl\/?page_id=97#faq-question-1745769094254","position":5,"url":"https:\/\/cywilni-ucs.pl\/?page_id=97#faq-question-1745769094254","name":"Jestem mianowanym urz\u0119dnikiem S\u0142u\u017cby Cywilnej. Czy mog\u0119 do\u0142\u0105czy\u0107 do Zwi\u0105zku?","answerCount":1,"acceptedAnswer":{"@type":"Answer","text":"Tak. Urz\u0119dnik S\u0142u\u017cby Cywilnej ma prawo uczestnictwa w zwi\u0105zkach zawodowych.","inLanguage":"pl-PL"},"inLanguage":"pl-PL"},{"@type":"Question","@id":"https:\/\/cywilni-ucs.pl\/?page_id=97#faq-question-1745769174931","position":6,"url":"https:\/\/cywilni-ucs.pl\/?page_id=97#faq-question-1745769174931","name":"Czy Zwi\u0105zek mo\u017ce reprezentowa\u0107 mnie wobec pracodawcy?","answerCount":1,"acceptedAnswer":{"@type":"Answer","text":"Tak. W razie wyst\u0105pienia konfliktu z pracodawc\u0105, na\u0142o\u017cenia kary porz\u0105dkowej, wszcz\u0119cia post\u0119powania dyscyplinarnego, rozwi\u0105zania umowy o prac\u0119 lub wszelkich przejaw\u00f3w naruszenia praw pracownika, Zwi\u0105zek ma prawo wyst\u0119powa\u0107 w Twoim imieniu do pracodawcy i chroni\u0107 Twoje interesy. ","inLanguage":"pl-PL"},"inLanguage":"pl-PL"},{"@type":"Question","@id":"https:\/\/cywilni-ucs.pl\/?page_id=97#faq-question-1747047711193","position":7,"url":"https:\/\/cywilni-ucs.pl\/?page_id=97#faq-question-1747047711193","name":"Czy mog\u0119 nale\u017ce\u0107 do dw\u00f3ch zwi\u0105zk\u00f3w zawodowych?","answerCount":1,"acceptedAnswer":{"@type":"Answer","text":"Tak. Mo\u017cesz nale\u017ce\u0107 do dowolnej liczby zwi\u0105zk\u00f3w zawodowych. ","inLanguage":"pl-PL"},"inLanguage":"pl-PL"}]}},"_links":{"self":[{"href":"https:\/\/cywilni-ucs.pl\/index.php?rest_route=\/wp\/v2\/pages\/97","targetHints":{"allow":["GET"]}}],"collection":[{"href":"https:\/\/cywilni-ucs.pl\/index.php?rest_route=\/wp\/v2\/pages"}],"about":[{"href":"https:\/\/cywilni-ucs.pl\/index.php?rest_route=\/wp\/v2\/types\/page"}],"author":[{"embeddable":true,"href":"https:\/\/cywilni-ucs.pl\/index.php?rest_route=\/wp\/v2\/users\/1"}],"replies":[{"embeddable":true,"href":"https:\/\/cywilni-ucs.pl\/index.php?rest_route=%2Fwp%2Fv2%2Fcomments&post=97"}],"version-history":[{"count":18,"href":"https:\/\/cywilni-ucs.pl\/index.php?rest_route=\/wp\/v2\/pages\/97\/revisions"}],"predecessor-version":[{"id":244,"href":"https:\/\/cywilni-ucs.pl\/index.php?rest_route=\/wp\/v2\/pages\/97\/revisions\/244"}],"wp:attachment":[{"href":"https:\/\/cywilni-ucs.pl\/index.php?rest_route=%2Fwp%2Fv2%2Fmedia&parent=97"}],"curies":[{"name":"wp","href":"https:\/\/api.w.org\/{rel}","templated":true}]}}